rs of 350063753?
13, 151, 1181
What are the prime factors of 3176267802?
2, 3, 47, 11263361
List the prime factors of 167769820.
2, 5, 23, 364717
List the prime factors of 102637070.
2, 5, 10263707
What are the prime factors of 524872055?
5, 19, 613, 9013
What are the prime factors of 41473924?
2, 1481, 7001
What are the prime factors of 1282674080?
2, 5, 8016713
What are the prime factors of 991944200?
2, 5, 13, 31, 397
What are the prime factors of 11868741?
3, 439583
List the prime factors of 872844312.
2, 3, 36368513
What are the prime factors of 247834062?
2, 3, 7, 19, 23, 643
What are the prime factors of 333700261?
23, 14508707
List the prime factors of 2111036608.
2, 17, 83, 97, 241
What are the prime factors of 236132818?
2, 673, 175433
List the prime factors of 21150096.
2, 3, 11, 41, 977
What are the prime factors of 2034435993?
3, 678145331
List the prime factors of 3918481986.
2, 3, 19, 23, 1494463
What are the prime factors of 255133453?
13063, 19531
List the prime factors of 36959846.
2, 7, 11, 239999
What are the prime factors of 92290956?
2, 3, 349, 22037
What are the prime factors of 678548989?
29, 23398241
List the prime factors of 536168320.
2, 5, 811, 1033
What are the prime factors of 4516594997?
157, 419, 68659
What are the prime factors of 377438331?
3, 233, 719, 751
List the prime factors of 1302804651.
3, 137, 1657, 1913
What are the prime factors of 158021348?
2, 29, 73, 18661
What are the prime factors of 7768199258?
2, 3884099629
List the prime factors of 545369351.
2647, 206033
What are the prime factors of 1492352990?
2, 5, 17, 8778547
What are the prime factors of 235996304?
2, 31, 487, 977
List the prime factors of 419259778.
2, 7, 23, 186007
List the prime factors of 228050497.
23, 367, 27017
What are the prime factors of 96948774?
2, 3, 13, 414311
What are the prime factors of 3129211262?
2, 229, 653, 10463
List the prime factors of 141515012.
2, 29, 1219957
List the prime factors of 748639730.
2, 5, 74863973
What are the prime factors of 199047425?
5, 541, 14717
What are the prime factors of 247795968?
2, 3, 7, 46093
List the prime factors of 121884096.
2, 3, 139, 4567
What are the prime factors of 5109762053?
11, 3137, 148079
List the prime factors of 1136864826.
2, 3, 79, 799483
What are the prime factors of 1519527884?
2, 7, 1543, 35171
What are the prime factors of 184348125?
3, 5, 13, 2521
List the prime factors of 504618378.
2, 3, 11, 17, 19, 23671
List the prime factors of 1715884477.
17, 71, 1421611
List the prime factors of 255152367.
3, 2389, 11867
List the prime factors of 28324776.
2, 3, 23, 97
List the prime factors of 2056506778.
2, 163, 337, 18719
What are the prime factors of 376189044?
2, 3, 7, 11, 29, 101, 139
List the prime factors of 295816460.
2, 5, 14790823
What are the prime factors of 2482394246?
2, 1241197123
List the prime factors of 798292028.
2, 127, 179, 8779
What are the prime factors of 265306857?
3, 88435619
What are the prime factors of 338787320?
2, 5, 1429, 5927
List the prime factors of 673917805.
5, 11, 29, 283, 1493
What are the prime factors of 12239687?
317, 38611
List the prime factors of 259826719.
259826719
What are the prime factors of 36807487?
36807487
What are the prime factors of 63887100?
2, 3, 5, 23, 47, 197
List the prime factors of 21525075.
3, 5, 11, 13, 223
List the prime factors of 23099030.
2, 5, 31, 269, 277
List the prime factors of 161190593.
161190593
What are the prime factors of 2152534228?
2, 13, 31, 1335319
What are the prime factors of 176322683?
197, 895039
What are the prime factors of 2837563183?
7, 13, 3989, 7817
What are the prime factors of 1389343507?
41, 907, 37361
List the prime factors of 2632194547.
41, 64199867
What are the prime factors of 2519372681?
7, 17, 3024457
List the prime factors of 6092863766.
2, 11, 25177123
What are the prime factors of 90794462?
2, 11, 4127021
What are the prime factors of 451022291?
17, 1031, 25733
List the prime factors of 177220433.
13, 61, 223481
List the prime factors of 46316196.
2, 3, 1286561
What are the prime factors of 1311477165?
3, 5, 31, 940127
What are the prime factors of 107086086?
2, 3, 5949227
What are the prime factors of 404229170?
2, 5, 40422917
List the prime factors of 291284947.
59, 4937033
What are the prime factors of 30005306?
2, 17, 79, 11171
List the prime factors of 3754397068.
2, 5323, 176329
What are the prime factors of 3488196188?
2, 872049047
List the prime factors of 3260950580.
2, 5, 23, 41, 43, 4021
What are the prime factors of 129182883?
3, 1381, 31181
What are the prime factors of 301539453?
3, 23, 109, 40093
List the prime factors of 35526846.
2, 3, 19, 179, 1741
List the prime factors of 3351723.
3, 103, 10847
List the prime factors of 47891696.
2, 79, 37889
List the prime factors of 631070860.
2, 5, 7, 647, 6967
What are the prime factors of 845446703?
17, 79, 229, 2749
List the prime factors of 460910251.
397, 1160983
What are the prime factors of 49838969?
193, 258233
List the prime factors of 1811948784.
2, 3, 37748933
What are the prime factors of 291225350?
2, 5, 13, 19, 23581
List the prime factors of 245371401.
3, 11, 659, 3761
List the prime factors of 2120769771.
3, 17, 823, 50527
List the prime factors of 173539091.
11, 163, 96787
What are the prime factors of 1658801029?
1658801029
List the prime factors of 14497161.
3, 7, 690341
What are the prime factors of 4193817516?
2, 3, 7, 17, 23, 31, 1373
What are the prime factors of 311470855?
5, 17, 617, 5939
What are the prime factors of 123963290?
2, 5, 11, 53, 1933
What are the prime factors of 178563237?
3, 23, 29, 89237
List the prime factors of 365760736.
2, 11, 94463
List the prime factors of 2203667156.
2, 550916789
What are the prime factors of 1023660150?
2, 3, 5, 19, 43, 8353
List the prime factors of 123168780.
2, 3, 5, 7, 67, 1459
What are the prime factors of 41801557?
7, 23, 29, 1279
List the prime factors of 46566082.
2, 23283041
What are the prime factors of 1005418286?
2, 502709143
What are the prime factors of 378070973?
7, 17, 3177067
List the prime factors of 34369227.
3, 3818803
What are the prime factors of 40968709?
40968709
List the prime factors of 119820982.
2, 29, 2065879
What are the prime factors of 324870235?
5, 31, 367, 5711
List the prime factors of 5652666051.
3, 29, 307, 211639
List the prime factors of 1633370662.
2, 7, 11, 79, 134257
List the prime factors of 55447623.
3, 7, 11, 29, 31, 89
List the prime factors of 5503285.
5, 797, 1381
List the prime factors of 50893092.
2, 3, 101, 13997
What are the prime factors of 38030621?
38030621
List the prime factors of 585734114.
2, 7, 2689, 15559
What are the prime factors of 86982141?
3, 28994047
List the prime factors of 2061047906.
2, 79, 113, 241, 479
List the prime factors of 575365294.
2, 7, 41097521
List the prime factors of 2786227267.
6481, 429907
List the prime factors of 96533730.
2, 3, 5, 71, 15107
What are the prime factors of 128368933?
7, 11, 127, 13127
List the prime factors of 12055007.
37, 43, 7577
What are the prime factors of 282233537?
282233537
List the prime factors of 153769546.
2, 7, 19, 269, 307
List the prime factors of 1408333347.
3, 2957, 52919
What are the prime factors of 11092524?
2, 3, 307, 3011
What are the prime factors of 320748068?
2, 269, 298093
List the prime factors of 21947156.
2, 7, 11, 71257
What are the prime factors of 39779539?
263, 151253
What are the prime factors of 31636521?
3, 7, 73, 2293
List the prime factors of 38639521.
17, 19, 119627
List the prime factors of 7419759.
3, 79, 31307
What are the prime factors of 783796729?
8741, 89669
What are the prime factors of 1023530083?
79, 223, 58099
What are the prime factors of 61109276?
2, 691, 22109
What are the prime factors of 693603347?
25633, 27059
List the prime factors of 1777814341.
79, 22503979
List the prime factors of 2178931631.
4349, 501019
List the prime factors of 533834087.
139, 3840533
List the prime factors of 33878522.
2, 16939261
List the prime factors of 46898095.
5, 251, 37369
What are the prime factors of 80307027?
3, 8923003
List the prime factors of 2787384572.
2, 7, 99549449
What are the prime factors of 420472357?
420472357
List the prime factors of 574417472.
2, 467, 19219
List the prime factors